 3 - 2 - 102*p**3. Give s(1).
3
Let r be 2/(-12) + 25/6. Let u = r + -8. Let i(t) = t**3 + 5*t**2 + 5*t + 6. Calculate i(u).
2
Suppose -7*p = -13 - 15. Let t(k) = k**2 - k - 3. Determine t(p).
9
Let o(g) = -g**3 - 3*g**2 + 2*g - 1. Suppose -1 - 4 = 3*k - 4*p, -3*p - 12 = 3*k. Give o(k).
-7
Let f(a) = -a**2 + 2*a - 5. Let z be f(0). Let c(b) = 2*b + 2. Calculate c(z).
-8
Let s(j) = -j**3 - 2*j**2 - 4*j - 1. Let o be 4 - 4 - (0 + 9/3). Calculate s(o).
20
Let g(v) = -88 + 43 + 48 - v. Calculate g(-3).
6
Let j(c) be the second derivative of 3*c + 1/6*c**3 - 1/2*c**2 + 0. What is j(-1)?
-2
Let n(k) be the first derivative of k**4/4 - 2*k**3 + 7*k**2/2 - 4*k - 25. What is n(4)?
-8
Let c = -8 - -2. Let z(w) be the first derivative of -w**4/4 - 7*w**3/3 - 9*w**2/2 - 6*w - 4. Determine z(c).
12
Let q(d) = d**2 - 3*d - 3. Let b be -3*3/(18/(-8)). Suppose 3*z - 4*s - 1 = -23, 0 = 5*z + b*s - 6. Calculate q(z).
7
Let m = 36 - 36. Let p(u) = -u**2 + u. Calculate p(m).
0
Suppose -4*a - b + 5*b + 8 = 0, -2*b = -5*a + 10. Let q(j) = 4*j - 2. Calculate q(a).
6
Let w(t) be the third derivative of -t**4/24 - t**3/2 + 48*t**2. Calculate w(-2).
-1
Let p be 1/(-4) + 6/(-8). Let q be (p - -2) + (2 - 2). Let z(m) be the third derivative of -m**5/15 + m**4/24 - m**3/6 - 6*m**2 + 3. Determine z(q).
-4
Suppose 8*v = 6*v + 10. Let d(m) = -m**2 + 5*m + 5. What is d(v)?
5
Let w(z) = 2*z**2 - z**2 + 2*z**2. Let o be w(-1). Let b(y) = o*y - y**2 + 1 - 8*y - 6. Determine b(-5).
-5
Let h = -2 - -1. Suppose 0*o = -5*o + 5. Let f(b) = o - 5*b + 3 - 3. Give f(h).
6
Let n(r) = r**2 + 5*r - 2. Suppose -15 = 2*f - 3*i, -23 = -2*f - 5*i + 2. Suppose f = -9*y + 4*y - 25. Give n(y).
-2
Let l(i) = 2 + i + 2 + 3 - 3. Calculate l(-4).
0
Suppose -3*b - 3*r + 10 = -5, 0 = r - 2. Let m be 2 - (1 + 2*b). Let f(t) = 10. Let i(n) = -n - 9. Let c(k) = -2*f(k) - 3*i(k). Give c(m).
-8
Let s(k) be the first derivative of 4/3*k**3 + 3 + 3*k + 5/2*k**2 - 1/4*k**4. Give s(5).
3
Let n(i) = -5*i**2 - i - 5. Let g(j) = -4*j**2 - 2*j - 4. Let d(x) = -3*g(x) + 2*n(x). Let z be -11 + 0/(4/(-2)). Let f be ((-2)/6)/(z/(-99)). What is d(f)?
8
Suppose -12 = 59*o - 61*o. Let p(x) be the second derivative of -x**3/6 + 3*x**2 - x. Give p(o).
0
Let z(a) be the third derivative of -a**5/60 + a**4/6 - a**3/6 - a**2. Let k(q) = 2*q - 13. Let c be k(8). Determine z(c).
2
Let w(c) = -c**3 + c + 5. Suppose -5*p = -4*a + 25 - 2, -3*p - 15 = -3*a. Let m = p + 3. Suppose q - 2*q = m. What is w(q)?
5
Let o(v) = v**3 - 7*v**2 + 6*v + 3. Let y = 9 - 3. Give o(y).
3
Let t(k) = -k**3 + 9*k**2 + 10*k + 6. Let r be t(10). Let f be r + (-1 - (-2 - -2)). Let n(b) = b**3 - 5*b**2 - 3*b + 7. What is n(f)?
-8
Let g(i) = -7*i - 8. Let t(c) be the second derivative of 10*c**3/3 + 12*c**2 - 2*c. Let z(w) = 17*g(w) + 6*t(w). What is z(-5)?
3
Let o(t) = t + 8. Let y(v) = 0*v + 1 + v**3 + 0*v - 21*v**3 + v. Let l be y(-1). Suppose 5*n + 0*n - l = 5*m, n = 5*m + 20. Calculate o(m).
4
Let v(n) = -n**3 + n**2 + n - 1. Suppose 5*u = 2*f - 24, -f - 4*u - 17 + 3 = 0. Calculate v(f).
-3
Let w(y) = y**2 - 4*y + 2. Suppose -x - 36 = -4*x. Suppose 0 = -a + 3*v - x, v = 6*v - 25. What is w(a)?
-1
Let p(i) = -2*i. Let w be 1/((-3)/8*(-10)/15). Determine p(w).
-8
Suppose -m = 3*m + u + 11, 0 = 4*m + 3*u + 9. Let f = -1 - m. Let w(o) be the first derivative of -2*o**3/3 + 3*o**2/2 - o + 9. Give w(f).
-3
Let r(z) = -5*z**2 - 2*z - 2. Let n(s) = 2*s**2 + s + 1. Let f(j) = -7*n(j) - 3*r(j). Determine f(3).
5
Let d(p) = -p**3 + 5*p**2 - 5*p + 6. Let f be d(4). Suppose w - 4 = -f. Let y(l) = w + 5*l + 5*l**2 + l**3 + l - 3*l. Determine y(-4).
6
Let j(y) = 3*y**3 + 3. Let c(d) = -d**2 + 2*d - d**3 + 0*d**3 - 1 - d. Let l be (-9)/(-18)*4/1. Let o(m) = l*c(m) + j(m). What is o(2)?
5
Let q(r) be the second derivative of -r**3/6 + r**2 + 12*r. Determine q(3).
-1
Suppose 0 = -2*q - u - 9, -3*q + 0*u = -3*u. Let t(w) = 2*w**3 + 3*w**2 - 5*w - 3. Determine t(q).
-15
Let u(z) = z**2 - 3. Let b be 8/12 + 22/(-6). Let m be ((-2)/6)/(b/27). What is u(m)?
6
Let h(t) = t**2 - 7*t + 3. Let j be h(7). Let u(y) = j*y + 5 - 3*y + y**2 + y. Suppose 2*r = -2*r. Determine u(r).
5
Let y(d) = -6*d**2 - 9*d - 13. Let n(c) = 6*c**2 + 10*c + 15. Let m(s) = 5*n(s) + 6*y(s). What is m(-2)?
-19
Let h(m) = -m**3 + 4*m**2 - 4*m - 4. Let x(r) = r**3 - 4*r**2 + 5*r + 4. Let l(t) = -6*h(t) - 5*x(t). Suppose 0 = y - 8 - 2. Suppose y = 2*d + 4. What is l(d)?
-8
Let w(r) = r - 8. Let o = 24 + -18. Calculate w(o).
-2
Let r be 1/(-1) - (-6 - 1). Let l(k) = 89*k**2 - 44*k**2 - 3*k - k**3 - 5 - 38*k**2. Calculate l(r).
13
Let i(w) be the first derivative of -5*w + 6 + 1/2*w**2. Calculate i(5).
0
Suppose l + 3 = 2. Let f be (2 + -1)*l - -4. Suppose f*v = -2*v. Let n(t) = t**2 + t. Calculate n(v).
0
Let w(a) = a**2 + 4*a - 5. Let g = -8 - -11. Suppose g*f + 15 = -3*i, 2*f + 2 = -0*f. Determine w(i).
-5
Let t(a) = -a**2 - 5*a - 1. Let g(c) = c + 1. Let o be g(5). Let x be 4/o - 51/9. What is t(x)?
-1
Let c(s) = 18*s**2 - 11*s + 3. Let q(u) = 6*u**2 - 4*u + 1. Let o(b) = -4*c(b) + 11*q(b). Let l = 0 + -1. Let v = l + 2. Give o(v).
-7
Let s(t) = 3*t - 2. Let l be s(2). Let y = -2 + l. Let n(c) = 2*c**y - 4*c**2 + c**3 + 2 + 4*c**2 - c. What is n(-3)?
-4
Let b be -3 - 0 - (1 + -4). Suppose -7 = -2*h + s, -h + b = 3*s + 7. Let l(i) = i + i**2 + 2 - 3*i**2 + i**h. Determine l(-2).
-4
Let b(y) = -10*y**3 + y**2 - 1. Let x(t) = 4*t - 3. Let i(c) = -c + 1. Let u(g) = 6*i(g) + x(g). Let m be u(2). Let k be (-3 + (m - -3))*-1. Determine b(k).
-10
Let k = 18 + -17. Let g(o) = -22*o**2 - o + 1. Calculate g(k).
-22
Suppose -5*l - 32 = -2. Let d(z) = 4*z + 23. Let f(t) = -6*t - 34. Let a(s) = 7*d(s) + 5*f(s). Determine a(l).
3
Let f(o) = o**2 - 4*o - 7. Let g be f(6). Suppose g = 6*a - a. Let x(n) be the second derivative of -3*n**5/10 + n**4/12 - n**3/3 + n**2/2 - n. What is x(a)?
-6
Let h = -11 + 6. Let o(y) = -y**2 - 6*y + 4. What is o(h)?
9
Let h(d) = -d**2 - 5*d - 4. Let y = -10 - -14. Let t = -4 + y. Suppose t = 3*z - 5*c + 2, 2*z - 12 = 4*z + 2*c. Determine h(z).
0
Let c be -1 - -4 - (2 - 0). Let v(k) = 21*k**2 - 1. Let f be v(c). Suppose 4 = -4*g + f. Let o(t) = -t**3 + 4*t**2 + 1. Give o(g).
1
Let b(p) = -p**3 - 5*p**2 - 6*p - 2. Let f be b(-4). Let a(v) be the second derivative of -v**3/3 + 4*v**2 + 10*v + 8. Determine a(f).
-4
Let x(m) = -m + 7*m + 41*m**2 + 4 - 40*m**2. Let h = -22 - -15. Let a = h - -3. What is x(a)?
-4
Let l(b) = -b**2 + b. Let z(f) = -6*f**2 + 10*f - 2. Let d(p) = 8*l(p) - z(p). What is d(2)?
-10
Let a(k) = k**3 + 4*k**2 - 3*k - 1. Let j = 103 + -108. What is a(j)?
-11
Let j = -3 + 7. Suppose -u - 15 = -j*u. Let r(c) = -c**3 + 4*c**2 + 4*c + 7. What is r(u)?
2
Let z(i) be the second derivative of i**5/20 - i**4/4 - i**3 + 3*i**2/2 - 30*i. What is z(5)?
23
Let n(b) = b**3 - 7*b**2 + 7*b - 7. Let m be n(6). Let r be (0 + m/(-3))*-3. Let t = r + 5. Let q(s) = s - 3. Determine q(t).
1
Let g(u) = u**2 + 5*u - 4. Let h = -130 + 124. Determine g(h).
2
Suppose -5*o + 32 - 5 = 2*j, 26 = 5*o + j. Let s = o - 2. Let v(h) = -h**3 + 3*h**2 + 2*h - 3. Determine v(s).
3
Let f(u) be the third derivative of -u**5/60 + u**4/8 + 2*u**3/3 - 2*u**2. Suppose -2*s = -6, -3*s + 5 = 3*w - 37. Let r = w + -7. Determine f(r).
0
Suppose 0*x - 3*x + 6 = 0. Let i(l) = -2*l + 5*l**2 + 6 + 0*l**3 + 3*l + x*l + l**3. What is i(-5)?
-9
Suppose k + 0 = -8. Let b be k/12*15/2. Let z(m) = m + 4. Let x(s) = -s - 3. Let j(i) = 3*x(i) + 2*z(i). What is j(b)?
4
Let q(p) = -7*p**2 + 2*p + 1. Suppose -2*o - 3*o = -10. Suppose 2*f + o*f = -4. Calculate q(f).
-8
Suppose 12*j - 16*j = -24. Let g(x) = -2*x + 2. What is g(j)?
-10
Let g(f) = -2*f**2 - 8*f - 1. Let z(b) = -3*b**2 - 12*b - 2. Let x(v) = 7*g(v) - 5*z(v). Suppose 0 = -5*s + 3 - 13. Give x(s).
-1
Let j(k) = 3*k**3 - 3*k**3 + k**3 - 6*k**2. Suppose 0 = 32*x - 58 - 134. Determine j(x).
0
Let l(t) = t**2 - 8 - 2 - 5 - t**3 + t + 10. Calculate l(0).
-5
Let o(m) = -4*m + 1. Let x(r) = -11*r + 4. Let u(s) = -8*o(s) + 3*x(s). Calculate u(3).
1
Let t(x) = 3*x + 9. Let y(l) = l + 11. Let a be y(-9). Let r be (1/a)/(2/(-24)). What is t(r)?
-9
Suppose 3*w + 44 = 4*k + k, -w - 26 = 4*k. Let t = 23 + w. Let m(a) be the third derivative of a**6/120 - a**5/15 - 7*a**4/24 + 5*a**3/6